is divided by 1996?
204
Calculate the remainder when 2516 is divided by 835.
11
What is the remainder when 58518 is divided by 44?
42
Calculate the remainder when 783578 is divided by 290.
288
Calculate the remainder when 93278 is divided by 31.
30
Calculate the remainder when 1453 is divided by 110.
23
Calculate the remainder when 93223 is divided by 285.
28
What is the remainder when 359800 is divided by 3?
1
What is the remainder when 3819 is divided by 162?
93
Calculate the remainder when 41694 is divided by 11.
4
What is the remainder when 818 is divided by 377?
64
What is the remainder when 43655 is divided by 7163?
677
What is the remainder when 1055 is divided by 86?
23
What is the remainder when 388984 is divided by 48623?
0
What is the remainder when 3139 is divided by 45?
34
Calculate the remainder when 436 is divided by 51.
28
Calculate the remainder when 5455 is divided by 87.
61
What is the remainder when 72801 is divided by 115?
6
Calculate the remainder when 4475 is divided by 345.
335
Calculate the remainder when 21273 is divided by 373.
12
Calculate the remainder when 1253 is divided by 862.
391
Calculate the remainder when 8477 is divided by 1393.
119
Calculate the remainder when 27436 is divided by 3428.
12
What is the remainder when 49445 is divided by 315?
305
Calculate the remainder when 1083010 is divided by 124.
118
What is the remainder when 9064 is divided by 518?
258
What is the remainder when 33478 is divided by 9?
7
What is the remainder when 177914 is divided by 15?
14
What is the remainder when 1478579 is divided by 114?
113
Calculate the remainder when 76895 is divided by 82.
61
Calculate the remainder when 3112 is divided by 1307.
498
What is the remainder when 100268 is divided by 1045?
993
Calculate the remainder when 9232 is divided by 346.
236
What is the remainder when 2837 is divided by 664?
181
What is the remainder when 36396 is divided by 12132?
0
What is the remainder when 113740 is divided by 220?
0
What is the remainder when 172077 is divided by 548?
5
Calculate the remainder when 2674 is divided by 650.
74
What is the remainder when 1981257 is divided by 8728?
1
Calculate the remainder when 12827 is divided by 61.
17
What is the remainder when 378 is divided by 3?
0
Calculate the remainder when 1146291 is divided by 34.
15
What is the remainder when 304433 is divided by 18?
17
What is the remainder when 1305 is divided by 287?
157
What is the remainder when 122719 is divided by 40898?
25
Calculate the remainder when 204507 is divided by 15.
12
What is the remainder when 1719 is divided by 439?
402
Calculate the remainder when 877 is divided by 772.
105
Calculate the remainder when 498 is divided by 10.
8
Calculate the remainder when 27697 is divided by 6916.
33
Calculate the remainder when 26096 is divided by 180.
176
Calculate the remainder when 1025 is divided by 68.
5
What is the remainder when 39131 is divided by 86?
1
What is the remainder when 3956 is divided by 541?
169
What is the remainder when 458802 is divided by 91760?
2
Calculate the remainder when 14399 is divided by 160.
159
Calculate the remainder when 3748 is divided by 2452.
1296
What is the remainder when 444 is divided by 24?
12
Calculate the remainder when 37637 is divided by 316.
33
Calculate the remainder when 15215 is divided by 2173.
4
What is the remainder when 255149 is divided by 132?
125
What is the remainder when 36084 is divided by 10?
4
Calculate the remainder when 103814 is divided by 17281.
128
Calculate the remainder when 6340 is divided by 25.
15
Calculate the remainder when 209815 is divided by 23312.
7
What is the remainder when 2526 is divided by 121?
106
What is the remainder when 410903 is divided by 241?
239
What is the remainder when 1126 is divided by 1064?
62
What is the remainder when 965 is divided by 85?
30
What is the remainder when 179547 is divided by 135?
132
Calculate the remainder when 1579 is divided by 26.
19
Calculate the remainder when 29055 is divided by 71.
16
What is the remainder when 4431248 is divided by 1003?
997
What is the remainder when 709 is divided by 164?
53
Calculate the remainder when 118347 is divided by 50.
47
What is the remainder when 3827 is divided by 756?
47
Calculate the remainder when 6683 is divided by 111.
23
Calculate the remainder when 6190 is divided by 3057.
76
Calculate the remainder when 506 is divided by 167.
5
Calculate the remainder when 291764 is divided by 82.
8
Calculate the remainder when 1912 is divided by 851.
210
What is the remainder when 13461 is divided by 899?
875
Calculate the remainder when 832522 is divided by 159.
157
What is the remainder when 136537 is divided by 351?
349
What is the remainder when 15822 is divided by 246?
78
Calculate the remainder when 579 is divided by 5.
4
Calculate the remainder when 4151 is divided by 239.
88
What is the remainder when 396819 is divided by 56688?
3
What is the remainder when 15341 is divided by 103?
97
What is the remainder when 22986 is divided by 163?
3
What is the remainder when 28213 is divided by 259?
241
Calculate the remainder when 2340238 is divided by 1176.
1174
Calculate the remainder when 615489 is divided by 236.
1
Calculate the remainder when 543415 is divided by 38814.
19
Calculate the remainder when 29455 is divided by 331.
327
What is the remainder when 6389 is divided by 21?
5
What is the remainder when 52249 is divided by 107?
33
What is the remainder when 671833 is divided by 293?
277
What is the remainder when 138 is divided by 119?
19
What is the remainder when 11100 is divided by 5542?
16
Calculate the remainder when 16836 is divided by 263.
4
Calculate the remainder when 71408 is divided by 23790.
38
Calculate the remainder when 4641 is divided by 330.
21
What is the remainder when 3029 is divided by 819?
572
What is the remainder when 2837 is divided by 257?
10
Calculate the remainder when 2546 is divided by 228.
38
Calculate the remainder when 764 is divided by 732.
32
Calculate the remainder when 40095 is divided by 5.
0
Calculate the remainder when 9642 is divided by 892.
722
Calculate the remainder when 12440 is divided by 21.
8
What is the remainder when 34819 is divided by 53?
51
What is the remainder when 51280 is divided by 1898?
34
What is the remainder when 5220 is divided by 1294?
44
What is the remainder when 8899 is divided by 8?
3
Calculate the remainder when 219687 is divided by 1284.
123
Calculate the remainder when 201468 is divided by 6947.
5
What is the remainder when 18773 is divided by 177?
11
What is the remainder when 12193 is divided by 4045?
58
Calculate the remainder when 25907199 is divided by 27.
24
What is the remainder when 25250 is divided by 357?
260
What is the remainder when 448 is divided by 375?
73
What is the remainder when 606 is divided by 318?
288
Calculate the remainder when 10246 is divided by 853.
10
Calculate the remainder when 287924 is divided by 24.
20
What is the remainder when 7214935 is divided by 17?
16
What is the remainder when 12569 is divided by 64?
25
What is the remainder when 1486 is divided by 626?
234
Calculate the remainder when 60132 is divided by 11.
6
What is the remainder when 2295 is divided by 1012?
271
What is the remainder when 1685 is divided by 60?
5
What is the remainder when 8146 is divided by 4064?
18
Calculate the remainder when 24425 is divided by 24161.
264
What is the remainder when 553648 is divided by 50?
48
Calculate the remainder when 8938 is divided by 2968.
34
Calculate the remainder when 178606 is divided by 13733.
77
Calculate the remainder when 61746 is divided by 61688.
58
What is the remainder when 2485 is divided by 22?
21
Calculate the remainder when 205052 is divided by 18.
14
Calculate the remainder when 40578 is divided by 31.
30
What is the remainder when 68833 is divided by 22934?
31
Calculate the remainder when 207819 is divided by 8.
3
What is the remainder when 95430 is divided by 7340?
10
What is the remainder when 69499 is divided by 3021?
16
Calculate the remainder when 2646 is divided by 564.
390
What is the remainder when 24661 is divided by 947?
39
Calculate the remainder when 127710 is divided by 208.
206
What is the remainder when 33701 is divided by 842?
21
Calcula